 is the tens digit of 6026?
2
What is the thousands digit of 2026?
2
What is the tens digit of 837?
3
What is the tens digit of 676?
7
What is the tens digit of 15787?
8
What is the units digit of 18502?
2
What is the tens digit of 63393?
9
What is the hundreds digit of 63857?
8
What is the ten thousands digit of 11024?
1
What is the ten thousands digit of 35510?
3
What is the tens digit of 11433?
3
What is the units digit of 83490?
0
What is the hundreds digit of 754?
7
What is the tens digit of 7075?
7
What is the tens digit of 37574?
7
What is the thousands digit of 53266?
3
What is the hundreds digit of 8896?
8
What is the hundreds digit of 1209?
2
What is the units digit of 19057?
7
What is the tens digit of 6384?
8
What is the units digit of 18184?
4
What is the hundreds digit of 61247?
2
What is the thousands digit of 9174?
9
What is the tens digit of 2365?
6
What is the units digit of 983?
3
What is the tens digit of 983?
8
What is the units digit of 600?
0
What is the tens digit of 153990?
9
What is the hundreds digit of 2313?
3
What is the units digit of 37893?
3
What is the thousands digit of 2061?
2
What is the hundreds digit of 52527?
5
What is the hundreds digit of 204?
2
What is the hundreds digit of 320?
3
What is the tens digit of 102178?
7
What is the units digit of 5752?
2
What is the hundreds digit of 1929?
9
What is the tens digit of 8203?
0
What is the hundreds digit of 665?
6
What is the thousands digit of 9299?
9
What is the hundreds digit of 143144?
1
What is the thousands digit of 50085?
0
What is the hundreds digit of 18420?
4
What is the hundreds digit of 3449?
4
What is the thousands digit of 16260?
6
What is the ten thousands digit of 10758?
1
What is the thousands digit of 25553?
5
What is the tens digit of 32?
3
What is the ten thousands digit of 60076?
6
What is the hundred thousands digit of 104379?
1
What is the units digit of 2389?
9
What is the hundreds digit of 1098?
0
What is the tens digit of 4707?
0
What is the tens digit of 146?
4
What is the hundreds digit of 4303?
3
What is the thousands digit of 6398?
6
What is the hundreds digit of 2585?
5
What is the thousands digit of 33910?
3
What is the thousands digit of 1519?
1
What is the units digit of 393?
3
What is the tens digit of 136?
3
What is the thousands digit of 5112?
5
What is the thousands digit of 17302?
7
What is the units digit of 2341?
1
What is the units digit of 502?
2
What is the ten thousands digit of 36647?
3
What is the hundreds digit of 122642?
6
What is the units digit of 110393?
3
What is the hundreds digit of 3891?
8
What is the units digit of 736?
6
What is the thousands digit of 1188?
1
What is the tens digit of 2077?
7
What is the units digit of 884?
4
What is the units digit of 957?
7
What is the units digit of 230?
0
What is the tens digit of 65251?
5
What is the tens digit of 2729?
2
What is the tens digit of 3178?
7
What is the thousands digit of 8041?
8
What is the hundreds digit of 12364?
3
What is the hundreds digit of 17683?
6
What is the thousands digit of 1965?
1
What is the hundreds digit of 1200?
2
What is the tens digit of 437?
3
What is the thousands digit of 16465?
6
What is the units digit of 1746?
6
What is the tens digit of 43729?
2
What is the units digit of 13580?
0
What is the tens digit of 32959?
5
What is the tens digit of 425?
2
What is the thousands digit of 2732?
2
What is the hundreds digit of 12186?
1
What is the hundreds digit of 10741?
7
What is the hundreds digit of 2839?
8
What is the tens digit of 791?
9
What is the hundreds digit of 3164?
1
What is the units digit of 1221?
1
What is the tens digit of 21920?
2
What is the hundreds digit of 348?
3
What is the units digit of 72625?
5
What is the thousands digit of 4588?
4
What is the thousands digit of 54042?
4
What is the tens digit of 8547?
4
What is the tens digit of 954?
5
What is the units digit of 1672?
2
What is the units digit of 208?
8
What is the thousands digit of 2606?
2
What is the tens digit of 1398?
9
What is the tens digit of 11?
1
What is the units digit of 424?
4
What is the hundreds digit of 590?
5
What is the hundreds digit of 3516?
5
What is the units digit of 45065?
5
What is the tens digit of 2920?
2
What is the tens digit of 9863?
6
What is the hundreds digit of 13711?
7
What is the hundreds digit of 474?
4
What is the tens digit of 36706?
0
What is the thousands digit of 29485?
9
What is the units digit of 674?
4
What is the hundreds digit of 4599?
5
What is the hundreds digit of 994?
9
What is the ten thousands digit of 124940?
2
What is the hundreds digit of 384?
3
What is the thousands digit of 3023?
3
What is the hundreds digit of 538?
5
What is the tens digit of 7445?
4
What is the thousands digit of 14929?
4
What is the tens digit of 43?
4
What is the units digit of 476?
6
What is the thousands digit of 50255?
0
What is the units digit of 8382?
2
What is the ten thousands digit of 36272?
3
What is the thousands digit of 97799?
7
What is the thousands digit of 28689?
8
What is the thousands digit of 1868?
1
What is the tens digit of 978?
7
What is the hundreds digit of 964?
9
What is the tens digit of 30519?
1
What is the hundreds digit of 4339?
3
What is the hundreds digit of 131122?
1
What is the units digit of 7140?
0
What is the hundreds digit of 16063?
0
What is the thousands digit of 5601?
5
What is the thousands digit of 24069?
4
What is the units digit of 775?
5
What is the tens digit of 724?
2
What is the units digit of 17715?
5
What is the units digit of 5018?
8
What is the hundreds digit of 1595?
5
What is the tens digit of 29600?
0
What is the tens digit of 582?
8
What is the units digit of 66212?
2
What is the thousands digit of 2866?
2
What is the hundreds digit of 2490?
4
What is the ten thousands digit of 47166?
4
What is the units digit of 1353?
3
What is the thousands digit of 1115?
1
What is the hundreds digit of 11526?
5
What is the thousands digit of 9160?
9
What is the tens digit of 281?
8
What is the hundreds digit of 75487?
4
What is the hundreds digit of 984?
9
What is the units digit of 2319?
9
What is the hundreds digit of 2597?
5
What is the tens digit of 16668?
6
What is the hundreds digit of 41219?
2
What is the hundreds digit of 15828?
8
What is the units digit of 13730?
0
What is the ten thousands digit of 50950?
5
What is the hundreds digit of 1670?
6
What is the tens digit of 418?
1
What is the hundreds digit of 1934?
9
What is the hundreds digit of 6455?
4
What is the ten thousands digit of 100001?
0
What is the ten thousands digit of 12176?
1
What is the hundreds digit of 18594?
5
What is the tens digit of 8108?
0
What is the units digit of 40618?
8
What is the units digit of 73713?
3
What is the units digit of 69?
9
What is the tens digit of 55100?
0
What is the hundreds digit of 716?
7
What is the hundreds digit of 1746?
7
What is the thousands digit of 1756?
1
What is the hundreds digit of 83736?
7
What is the units digit of 5965?
5
What is the hundreds digit of 1299?
2
What is the units digit of 664?
4
What is the hundreds digit of 7098?
0
What is the hundreds digit of 4119?
1
What is the tens digit of 690?
9
What is the hundreds digit of 23323?
3
What is the hundreds digit of 2151?
1
What is the tens digit of 2386?
8
What is the tens digit of 942?
4
What is the hundreds digit of 22884?
8
What is the ten thousands digit of 44766?
4
What is the units digit of 4458?
8
What is the hundreds digit of 10381?
3
What is the units digit of 1179?
9
What is the thousands digit of 1452?
1
What is the hundreds digit of 865?
8
What is the tens digit of 20548?
4
What is the units digit of 4669?
9
What is the units digit of 34976?
6
What is the tens digit of 13476?
7
What is the thousands digit of 2859?
2
What is the thousands digit of 1030?
1
What is the tens digit of 13256?
5
What is the thousands digit of 15231?
5
What is the hundreds digit of 76378?
3
What is the tens digit of 23898?
9
What is the tens digit of 10608?
0
What is the units digit of 24171?
1
What is the units digit of 270?
0
What is the thousands digit of 1427?
1
What is the hundreds digit of 3211?
2
What is the tens digit of 555?
5
What is the units digit of 80682?
2
What is the thousands digit of 1563?
1
What is the unit